{"id":27,"date":"2018-12-24T00:15:42","date_gmt":"2018-12-23T23:15:42","guid":{"rendered":"http:\/\/tkrzeszo.kia.prz.edu.pl\/?page_id=27"},"modified":"2024-08-28T22:04:28","modified_gmt":"2024-08-28T20:04:28","slug":"for-students","status":"publish","type":"page","link":"http:\/\/tkrzeszo.kia.prz.edu.pl\/index.php\/for-students\/","title":{"rendered":"For students"},"content":{"rendered":"\t\t<div data-elementor-type=\"wp-post\" data-elementor-id=\"27\" class=\"elementor elementor-27\">\n\t\t\t\t\t\t<section class=\"elementor-section elementor-top-section elementor-element elementor-element-2a1fb27 elementor-section-boxed elementor-section-height-default elementor-section-height-default\" data-id=\"2a1fb27\" data-element_type=\"section\">\n\t\t\t\t\t\t<div class=\"elementor-container elementor-column-gap-wider\">\n\t\t\t\t\t<div class=\"elementor-column elementor-col-100 elementor-top-column elementor-element elementor-element-5eedca4\" data-id=\"5eedca4\" data-element_type=\"column\">\n\t\t\t<div class=\"elementor-widget-wrap elementor-element-populated\">\n\t\t\t\t\t\t<div class=\"elementor-element elementor-element-34e51ea elementor-widget elementor-widget-text-editor\" data-id=\"34e51ea\" data-element_type=\"widget\" data-widget_type=\"text-editor.default\">\n\t\t\t\t<div class=\"elementor-widget-container\">\n\t\t\t\t\t\t\t\t\t<h2>Konsultacje<\/h2>\n<p><a href=\"http:\/\/office.prz-rzeszow.pl\/index.php?action=konsultacje\">Konsultacje w semestrze.<\/a><br><a href=\"http:\/\/office.prz-rzeszow.pl\/index.php?action=konsultacje_ses\">Konsultacje w sesji.<\/a><br><a href=\"http:\/\/office.prz-rzeszow.pl\/index.php?action=plany_zajec\">Plan zaj\u0119\u0107.<\/a><\/p>\n<p><br><\/p>\n<h2>Materia\u0142y<\/h2>\n<ul style=\"display: block; padding-left: 2em;\">\n<li><a href=\"http:\/\/materialy.prz-rzeszow.pl\/\">In\u017cynieria Oprogramowania<\/a><\/li>\n<li><a href=\"http:\/\/materialy.prz-rzeszow.pl\/\">Bazy Danych<\/a> (Wymagania dla projektu z baz danych s\u0105 analogiczne jak w przypadku In\u017cynierii Oprogramowania, z t\u0105 r\u00f3\u017cnic\u0105, \u017ce oceniana jest przede wszystkim przygotowana aplikacja. Raport z projektu powinien zawiera\u0107 cz\u0119\u015b\u0107 dotycz\u0105c\u0105&nbsp;In\u017cynierii Oprogramowania (wed\u0142ug wytycznych prowadz\u0105cego projekt), wymagania dla aplikacji bazodanowej, zastosowane technologie, 2-3 strony opisu aplikacji oraz podsumowanie.)<\/li>\n<li><a href=\"http:\/\/ssamolej.kia.prz.edu.pl\/dydaktyka\/inf_1EE_ZI\/inf_1EE_ZI_wyk.htm\">Informatyka<\/a><\/li>\n<li>Nowoczesne technologie programistyczne\n<ul>\n<li><a href=\"http:\/\/tkrzeszo.kia.prz.edu.pl\/wp-content\/uploads\/2019\/01\/Instrukcja_Python.pdf\">Lab &#8211; Python<\/a><\/li>\n<\/ul>\n<\/li>\n<li>Roboty Mobilne\n<ul>\n<li><a href=\"http:\/\/tkrzeszo.kia.prz.edu.pl\/wp-content\/uploads\/students\/rob_lab_6_ROS2.pdf\">Lab. 6 &#8211; Robot Operating System 2<\/a><\/li>\n<li><a href=\"http:\/\/tkrzeszo.kia.prz.edu.pl\/wp-content\/uploads\/students\/rob_lab_7_ROS2_robot.pdf\">Lab. 7 &#8211; ROS2 Budowa robota<\/a><\/li>\n<li><a href=\"http:\/\/tkrzeszo.kia.prz.edu.pl\/wp-content\/uploads\/students\/rob_lab_8_opencv.pdf\">Lab. 8 &#8211; Przetwarzanie obraz\u00f3w<\/a> [<a href=\"http:\/\/tkrzeszo.kia.prz.edu.pl\/wp-content\/uploads\/students\/rob_lab_8_opencv_obrazy.7z\">przyk\u0142adowe obrazy<\/a>]<\/li>\n<\/ul>\n<\/li>\n<li>ViaCarpathia\n<ul>\n<li><a href=\"http:\/\/tkrzeszo.kia.prz.edu.pl\/wp-content\/uploads\/students\/ViaCarpathia - Python.pdf\">Python<\/a><\/li>\n<\/ul>\n\n<ul>\n<\/ul>\n<\/li>\n<\/ul>\n<h2>Prace dyplomowe<\/h2>\n<p><a href=\"http:\/\/www.office.kia.prz.edu.pl\/index.php?action=print_data&amp;content=prace_dypl_list\">Lista temat\u00f3w prac dyplomowych.<\/a><\/p>\t\t\t\t\t\t\t\t<\/div>\n\t\t\t\t<\/div>\n\t\t\t\t\t<\/div>\n\t\t<\/div>\n\t\t\t\t\t<\/div>\n\t\t<\/section>\n\t\t\t\t<\/div>\n\t\t","protected":false},"excerpt":{"rendered":"<p>Konsultacje Konsultacje w semestrze.Konsultacje w sesji.Plan zaj\u0119\u0107. Materia\u0142y In\u017cynieria Oprogramowania Bazy Danych (Wymagania dla projektu z baz danych s\u0105 analogiczne jak w przypadku In\u017cynierii Oprogramowania, z t\u0105 r\u00f3\u017cnic\u0105, \u017ce oceniana jest przede wszystkim przygotowana aplikacja. Raport z projektu powinien zawiera\u0107 cz\u0119\u015b\u0107 dotycz\u0105c\u0105&nbsp;In\u017cynierii Oprogramowania (wed\u0142ug wytycznych prowadz\u0105cego projekt), wymagania dla aplikacji bazodanowej, zastosowane technologie, 2-3 strony [&hellip;]<\/p>\n","protected":false},"author":1,"featured_media":0,"parent":0,"menu_order":0,"comment_status":"closed","ping_status":"closed","template":"","meta":{"ocean_post_layout":"full-screen","ocean_both_sidebars_style":"","ocean_both_sidebars_content_width":0,"ocean_both_sidebars_sidebars_width":0,"ocean_sidebar":"0","ocean_second_sidebar":"0","ocean_disable_margins":"enable","ocean_add_body_class":"","ocean_shortcode_before_top_bar":"","ocean_shortcode_after_top_bar":"","ocean_shortcode_before_header":"","ocean_shortcode_after_header":"","ocean_has_shortcode":"","ocean_shortcode_after_title":"","ocean_shortcode_before_footer_widgets":"","ocean_shortcode_after_footer_widgets":"","ocean_shortcode_before_footer_bottom":"","ocean_shortcode_after_footer_bottom":"","ocean_display_top_bar":"default","ocean_display_header":"default","ocean_header_style":"","ocean_center_header_left_menu":"0","ocean_custom_header_template":"0","ocean_custom_logo":0,"ocean_custom_retina_logo":0,"ocean_custom_logo_max_width":0,"ocean_custom_logo_tablet_max_width":0,"ocean_custom_logo_mobile_max_width":0,"ocean_custom_logo_max_height":0,"ocean_custom_logo_tablet_max_height":0,"ocean_custom_logo_mobile_max_height":0,"ocean_header_custom_menu":"0","ocean_menu_typo_font_family":"0","ocean_menu_typo_font_subset":"","ocean_menu_typo_font_size":0,"ocean_menu_typo_font_size_tablet":0,"ocean_menu_typo_font_size_mobile":0,"ocean_menu_typo_font_size_unit":"px","ocean_menu_typo_font_weight":"","ocean_menu_typo_font_weight_tablet":"","ocean_menu_typo_font_weight_mobile":"","ocean_menu_typo_transform":"","ocean_menu_typo_transform_tablet":"","ocean_menu_typo_transform_mobile":"","ocean_menu_typo_line_height":0,"ocean_menu_typo_line_height_tablet":0,"ocean_menu_typo_line_height_mobile":0,"ocean_menu_typo_line_height_unit":"","ocean_menu_typo_spacing":0,"ocean_menu_typo_spacing_tablet":0,"ocean_menu_typo_spacing_mobile":0,"ocean_menu_typo_spacing_unit":"","ocean_menu_link_color":"","ocean_menu_link_color_hover":"","ocean_menu_link_color_active":"","ocean_menu_link_background":"","ocean_menu_link_hover_background":"","ocean_menu_link_active_background":"","ocean_menu_social_links_bg":"","ocean_menu_social_hover_links_bg":"","ocean_menu_social_links_color":"","ocean_menu_social_hover_links_color":"","ocean_disable_title":"default","ocean_disable_heading":"default","ocean_post_title":"","ocean_post_subheading":"","ocean_post_title_style":"","ocean_post_title_background_color":"","ocean_post_title_background":0,"ocean_post_title_bg_image_position":"","ocean_post_title_bg_image_attachment":"","ocean_post_title_bg_image_repeat":"","ocean_post_title_bg_image_size":"","ocean_post_title_height":0,"ocean_post_title_bg_overlay":0.5,"ocean_post_title_bg_overlay_color":"","ocean_disable_breadcrumbs":"default","ocean_breadcrumbs_color":"","ocean_breadcrumbs_separator_color":"","ocean_breadcrumbs_links_color":"","ocean_breadcrumbs_links_hover_color":"","ocean_display_footer_widgets":"default","ocean_display_footer_bottom":"default","ocean_custom_footer_template":"0","footnotes":""},"class_list":["post-27","page","type-page","status-publish","hentry","entry"],"_links":{"self":[{"href":"http:\/\/tkrzeszo.kia.prz.edu.pl\/index.php\/wp-json\/wp\/v2\/pages\/27"}],"collection":[{"href":"http:\/\/tkrzeszo.kia.prz.edu.pl\/index.php\/wp-json\/wp\/v2\/pages"}],"about":[{"href":"http:\/\/tkrzeszo.kia.prz.edu.pl\/index.php\/wp-json\/wp\/v2\/types\/page"}],"author":[{"embeddable":true,"href":"http:\/\/tkrzeszo.kia.prz.edu.pl\/index.php\/wp-json\/wp\/v2\/users\/1"}],"replies":[{"embeddable":true,"href":"http:\/\/tkrzeszo.kia.prz.edu.pl\/index.php\/wp-json\/wp\/v2\/comments?post=27"}],"version-history":[{"count":46,"href":"http:\/\/tkrzeszo.kia.prz.edu.pl\/index.php\/wp-json\/wp\/v2\/pages\/27\/revisions"}],"predecessor-version":[{"id":351,"href":"http:\/\/tkrzeszo.kia.prz.edu.pl\/index.php\/wp-json\/wp\/v2\/pages\/27\/revisions\/351"}],"wp:attachment":[{"href":"http:\/\/tkrzeszo.kia.prz.edu.pl\/index.php\/wp-json\/wp\/v2\/media?parent=27"}],"curies":[{"name":"wp","href":"https:\/\/api.w.org\/{rel}","templated":true}]}}